{"id":864,"date":"2017-03-07T16:16:14","date_gmt":"2017-03-07T15:16:14","guid":{"rendered":"http:\/\/handbuch.immo-meets-office.de\/?page_id=864"},"modified":"2017-03-07T20:23:56","modified_gmt":"2017-03-07T19:23:56","slug":"active-directory-benutzerdaten","status":"publish","type":"page","link":"https:\/\/handbuch.immo-meets-office.com\/?page_id=864","title":{"rendered":"Active Directory Benutzerdaten"},"content":{"rendered":"<p>Es werden Ihnen die vorhandenen Active Directory Benutzer zur Auswahl angezeigt.<\/p>\n<p>Die Benutzer werden anhand des Dom\u00e4nennames \u2013 der im Lizenzschl\u00fcssel geliefert wird \u2013 ausgelesen und k\u00f6nnen f\u00fcr die \u00dcberpr\u00fcfung und Zuordnung der Signaturen ausgew\u00e4hlt werden.<\/p>\n<p><a href=\"http:\/\/handbuch.immo-meets-office.de\/wp-content\/uploads\/2017\/03\/005ActiveDirectory.png\"><img loading=\"lazy\" decoding=\"async\" class=\"alignnone size-medium wp-image-865\" src=\"http:\/\/handbuch.immo-meets-office.de\/wp-content\/uploads\/2017\/03\/005ActiveDirectory-300x245.png\" alt=\"\" width=\"300\" height=\"245\" srcset=\"https:\/\/handbuch.immo-meets-office.com\/wp-content\/uploads\/2017\/03\/005ActiveDirectory-300x245.png 300w, https:\/\/handbuch.immo-meets-office.com\/wp-content\/uploads\/2017\/03\/005ActiveDirectory.png 749w\" sizes=\"auto, (max-width: 300px) 100vw, 300px\" \/><\/a><\/p>\n<table>\n<tbody>\n<tr>\n<td width=\"378\">Dom\u00e4nenname:<\/td>\n<td width=\"378\">Aus dem Lizenzschl\u00fcssel wird der Dom\u00e4nenname extrahiert<\/td>\n<\/tr>\n<tr>\n<td width=\"378\">Active Directory Benutzer laden<\/td>\n<td width=\"378\">Die Benutzer werden aus dem Active Directory ausgelesen und unter Active Directory Benutzer zur Auswahl: bereitgestellt.<\/td>\n<\/tr>\n<tr>\n<td width=\"378\">&gt;&gt;, &gt;, &lt;, &lt;&lt;<\/td>\n<td width=\"378\">\u00dcber die einzelnen Pfeile k\u00f6nnen einzelne Benutzer ausgew\u00e4hlt bzw. wieder entfernt werden.<\/p>\n<p>Eine Mehrfachauswahl ist m\u00f6glich.<\/p>\n<p>Per Doppelkick auf einen Benutzer wird dieser entsprechend ausgew\u00e4hlt bzw. wieder entfernt.<\/p>\n<p><strong>Es k\u00f6nnen mehr Benutzer als Benutzerlizenzen ausgew\u00e4hlt werden, jedoch werden nur die Anzahl der Benutzerlizenzen gespeichert!<\/strong><\/td>\n<\/tr>\n<tr>\n<td width=\"378\">Speichern (Diskette)<\/td>\n<td width=\"378\">Verwenden Sie die Diskette um die ausgew\u00e4hlten Benutzer f\u00fcr Signaturen: zu speichern<\/td>\n<\/tr>\n<\/tbody>\n<\/table>\n","protected":false},"excerpt":{"rendered":"<p>Es werden Ihnen die vorhandenen Active Directory Benutzer zur Auswahl angezeigt. Die Benutzer werden anhand des Dom\u00e4nennames \u2013 der im Lizenzschl\u00fcssel geliefert wird \u2013 ausgelesen&#8230;<\/p>\n<div class=\"more-link-wrapper\"><a class=\"more-link\" href=\"https:\/\/handbuch.immo-meets-office.com\/?page_id=864\">Weiterlesen<span class=\"screen-reader-text\">Active Directory Benutzerdaten<\/span><\/a><\/div>\n","protected":false},"author":1,"featured_media":0,"parent":857,"menu_order":32,"comment_status":"closed","ping_status":"closed","template":"","meta":{"footnotes":""},"class_list":["post-864","page","type-page","status-publish","hentry","entry"],"_links":{"self":[{"href":"https:\/\/handbuch.immo-meets-office.com\/index.php?rest_route=\/wp\/v2\/pages\/864","targetHints":{"allow":["GET"]}}],"collection":[{"href":"https:\/\/handbuch.immo-meets-office.com\/index.php?rest_route=\/wp\/v2\/pages"}],"about":[{"href":"https:\/\/handbuch.immo-meets-office.com\/index.php?rest_route=\/wp\/v2\/types\/page"}],"author":[{"embeddable":true,"href":"https:\/\/handbuch.immo-meets-office.com\/index.php?rest_route=\/wp\/v2\/users\/1"}],"replies":[{"embeddable":true,"href":"https:\/\/handbuch.immo-meets-office.com\/index.php?rest_route=%2Fwp%2Fv2%2Fcomments&post=864"}],"version-history":[{"count":2,"href":"https:\/\/handbuch.immo-meets-office.com\/index.php?rest_route=\/wp\/v2\/pages\/864\/revisions"}],"predecessor-version":[{"id":883,"href":"https:\/\/handbuch.immo-meets-office.com\/index.php?rest_route=\/wp\/v2\/pages\/864\/revisions\/883"}],"up":[{"embeddable":true,"href":"https:\/\/handbuch.immo-meets-office.com\/index.php?rest_route=\/wp\/v2\/pages\/857"}],"wp:attachment":[{"href":"https:\/\/handbuch.immo-meets-office.com\/index.php?rest_route=%2Fwp%2Fv2%2Fmedia&parent=864"}],"curies":[{"name":"wp","href":"https:\/\/api.w.org\/{rel}","templated":true}]}}