{"id":629,"date":"2015-09-10T10:49:38","date_gmt":"2015-09-10T09:49:38","guid":{"rendered":"http:\/\/handbuch.immo-meets-office.de\/?page_id=629"},"modified":"2015-09-15T06:46:59","modified_gmt":"2015-09-15T05:46:59","slug":"explorer-ribbon","status":"publish","type":"page","link":"https:\/\/handbuch.immo-meets-office.com\/?page_id=629","title":{"rendered":"Explorer Ribbon Men\u00fc"},"content":{"rendered":"<p>Wenn Sie Microsoft Outlook gestartet haben, erhalten Sie einen zus\u00e4tzliche Ribbon mit dem Name &#8222;Easy Office Storage&#8220;.<\/p>\n<p><a href=\"http:\/\/handbuch.immo-meets-office.de\/wp-content\/uploads\/2015\/09\/Explorer-Ribbon.jpg\"><img loading=\"lazy\" decoding=\"async\" class=\"alignnone size-medium wp-image-632\" src=\"http:\/\/handbuch.immo-meets-office.de\/wp-content\/uploads\/2015\/09\/Explorer-Ribbon-300x56.jpg\" alt=\"Explorer Ribbon\" width=\"300\" height=\"56\" srcset=\"https:\/\/handbuch.immo-meets-office.com\/wp-content\/uploads\/2015\/09\/Explorer-Ribbon-300x56.jpg 300w, https:\/\/handbuch.immo-meets-office.com\/wp-content\/uploads\/2015\/09\/Explorer-Ribbon.jpg 960w\" sizes=\"auto, (max-width: 300px) 100vw, 300px\" \/><\/a><\/p>\n<p><!--more--><\/p>\n<p><strong>Ribbon Men\u00fc<\/strong><\/p>\n<p>Das Ribbon Men\u00fc \u201eEasy Office Storage\u201c enth\u00e4lt folgende Buttons, mit denen Sie folgende Aktionen ausf\u00fchren k\u00f6nnen:<\/p>\n<ul>\n<li>Synchronisierung\n<ul>\n<li>Jetzt synchronisieren: f\u00fchrt eine Synchronisierung mit den vorhandenen Einstellungen aus<\/li>\n<li>Konfiguration E-Mailordner: Konfiguration einzelner E-Mailordner, die synchronisiert werden k\u00f6nnen<\/li>\n<li>Allgemeine Konfiguration: Einstellungen der Intervalle f\u00fcr die Synchronisierung<\/li>\n<\/ul>\n<\/li>\n<li>Immobilien Portale\n<ul>\n<li>Einstellungen: Einstellungen der Automatisierung f\u00fcr Immobilienprotale<\/li>\n<\/ul>\n<\/li>\n<\/ul>\n","protected":false},"excerpt":{"rendered":"<p>Wenn Sie Microsoft Outlook gestartet haben, erhalten Sie einen zus\u00e4tzliche Ribbon mit dem Name &#8222;Easy Office Storage&#8220;.<\/p>\n","protected":false},"author":1,"featured_media":0,"parent":94,"menu_order":1,"comment_status":"closed","ping_status":"closed","template":"","meta":{"footnotes":""},"class_list":["post-629","page","type-page","status-publish","hentry","entry"],"_links":{"self":[{"href":"https:\/\/handbuch.immo-meets-office.com\/index.php?rest_route=\/wp\/v2\/pages\/629","targetHints":{"allow":["GET"]}}],"collection":[{"href":"https:\/\/handbuch.immo-meets-office.com\/index.php?rest_route=\/wp\/v2\/pages"}],"about":[{"href":"https:\/\/handbuch.immo-meets-office.com\/index.php?rest_route=\/wp\/v2\/types\/page"}],"author":[{"embeddable":true,"href":"https:\/\/handbuch.immo-meets-office.com\/index.php?rest_route=\/wp\/v2\/users\/1"}],"replies":[{"embeddable":true,"href":"https:\/\/handbuch.immo-meets-office.com\/index.php?rest_route=%2Fwp%2Fv2%2Fcomments&post=629"}],"version-history":[{"count":7,"href":"https:\/\/handbuch.immo-meets-office.com\/index.php?rest_route=\/wp\/v2\/pages\/629\/revisions"}],"predecessor-version":[{"id":698,"href":"https:\/\/handbuch.immo-meets-office.com\/index.php?rest_route=\/wp\/v2\/pages\/629\/revisions\/698"}],"up":[{"embeddable":true,"href":"https:\/\/handbuch.immo-meets-office.com\/index.php?rest_route=\/wp\/v2\/pages\/94"}],"wp:attachment":[{"href":"https:\/\/handbuch.immo-meets-office.com\/index.php?rest_route=%2Fwp%2Fv2%2Fmedia&parent=629"}],"curies":[{"name":"wp","href":"https:\/\/api.w.org\/{rel}","templated":true}]}}