{"id":221,"date":"2015-09-02T15:02:41","date_gmt":"2015-09-02T14:02:41","guid":{"rendered":"http:\/\/handbuch.immo-meets-office.de\/?page_id=221"},"modified":"2015-09-07T14:25:00","modified_gmt":"2015-09-07T13:25:00","slug":"gruppen","status":"publish","type":"page","link":"https:\/\/handbuch.immo-meets-office.com\/?page_id=221","title":{"rendered":"Gruppen"},"content":{"rendered":"<p><strong>Men\u00fc Bearbeiten -&gt; Tag(s) -&gt; Gruppen<\/strong><\/p>\n<p>\u00dcber den Men\u00fcpunkt Bearbeiten -&gt; Tag(s) -&gt; Gruppen gelangen Sie zur Bearbeitung der Gruppen<\/p>\n<p><a href=\"http:\/\/handbuch.immo-meets-office.de\/wp-content\/uploads\/2015\/09\/Men\u00fc-Bearbeiten-Tags-Gruppen.jpg\"><img loading=\"lazy\" decoding=\"async\" class=\"alignnone size-medium wp-image-334\" src=\"http:\/\/handbuch.immo-meets-office.de\/wp-content\/uploads\/2015\/09\/Men\u00fc-Bearbeiten-Tags-Gruppen-300x88.jpg\" alt=\"Men\u00fc-Bearbeiten-Tags-Gruppen\" width=\"300\" height=\"88\" srcset=\"https:\/\/handbuch.immo-meets-office.com\/wp-content\/uploads\/2015\/09\/Men\u00fc-Bearbeiten-Tags-Gruppen-300x88.jpg 300w, https:\/\/handbuch.immo-meets-office.com\/wp-content\/uploads\/2015\/09\/Men\u00fc-Bearbeiten-Tags-Gruppen.jpg 507w\" sizes=\"auto, (max-width: 300px) 100vw, 300px\" \/><\/a><\/p>\n<p><strong>Gruppen<\/strong><\/p>\n<p><a href=\"http:\/\/handbuch.immo-meets-office.de\/wp-content\/uploads\/2015\/09\/Gruppen.jpg\"><img loading=\"lazy\" decoding=\"async\" class=\"alignnone size-medium wp-image-336\" src=\"http:\/\/handbuch.immo-meets-office.de\/wp-content\/uploads\/2015\/09\/Gruppen-300x246.jpg\" alt=\"Gruppen\" width=\"300\" height=\"246\" srcset=\"https:\/\/handbuch.immo-meets-office.com\/wp-content\/uploads\/2015\/09\/Gruppen-300x246.jpg 300w, https:\/\/handbuch.immo-meets-office.com\/wp-content\/uploads\/2015\/09\/Gruppen.jpg 756w\" sizes=\"auto, (max-width: 300px) 100vw, 300px\" \/><\/a><\/p>\n<p>In den Gruppen k\u00f6nnen Sie Ihre Dynamischen Felder innheralb der Tag(s) Details in unterschiedliche Bereiche gruppieren und strukturieren.<\/p>\n<p>Pflichtfelder sind mit einem * gekennzeichnet.<\/p>\n<p>W\u00e4hlen Sie eine Gruppe aus der Liste oder verwenden Sie das Context Men\u00fc, um eine neue Gruppe anzulegen.<\/p>\n<p><a href=\"http:\/\/handbuch.immo-meets-office.de\/wp-content\/uploads\/2015\/09\/Gruppen-Select.jpg\"><img loading=\"lazy\" decoding=\"async\" class=\"alignnone size-medium wp-image-337\" src=\"http:\/\/handbuch.immo-meets-office.de\/wp-content\/uploads\/2015\/09\/Gruppen-Select-153x300.jpg\" alt=\"Gruppen-Select\" width=\"153\" height=\"300\" srcset=\"https:\/\/handbuch.immo-meets-office.com\/wp-content\/uploads\/2015\/09\/Gruppen-Select-153x300.jpg 153w, https:\/\/handbuch.immo-meets-office.com\/wp-content\/uploads\/2015\/09\/Gruppen-Select.jpg 314w\" sizes=\"auto, (max-width: 153px) 100vw, 153px\" \/><\/a><\/p>\n<p><em>Context Men\u00fc (rechte Maustaste)<\/em><\/p>\n<ul>\n<li>\u201eneue Gruppe erstellen\u201c erstellt eine neue Gruppe<\/li>\n<li>\u201ealle Gruppen aktualisieren\u201c aktualisiert die Liste<\/li>\n<\/ul>\n<p><strong>Gruppe<\/strong><\/p>\n<p><a href=\"http:\/\/handbuch.immo-meets-office.de\/wp-content\/uploads\/2015\/09\/Gruppen-Header.jpg\"><img loading=\"lazy\" decoding=\"async\" class=\"alignnone size-medium wp-image-338\" src=\"http:\/\/handbuch.immo-meets-office.de\/wp-content\/uploads\/2015\/09\/Gruppen-Header-300x82.jpg\" alt=\"Gruppen-Header\" width=\"300\" height=\"82\" srcset=\"https:\/\/handbuch.immo-meets-office.com\/wp-content\/uploads\/2015\/09\/Gruppen-Header-300x82.jpg 300w, https:\/\/handbuch.immo-meets-office.com\/wp-content\/uploads\/2015\/09\/Gruppen-Header.jpg 436w\" sizes=\"auto, (max-width: 300px) 100vw, 300px\" \/><\/a><\/p>\n<ul>\n<li>Sortierung: legt die Sortierreihenfolge der Gruppe fest<\/li>\n<li>Bezeichnung: legt den Namen der Gruppe fest<\/li>\n<\/ul>\n<p>Bitte f\u00fcllen Sie alle mit * gekennzeichneten Felder aus.<\/p>\n<p>Sie k\u00f6nnen als Sortierung auch alphanumerische Zeichen verwenden.<\/p>\n<p>&nbsp;<\/p>\n","protected":false},"excerpt":{"rendered":"<p>Men\u00fc Bearbeiten -&gt; Tag(s) -&gt; Gruppen \u00dcber den Men\u00fcpunkt Bearbeiten -&gt; Tag(s) -&gt; Gruppen gelangen Sie zur Bearbeitung der Gruppen Gruppen In den Gruppen k\u00f6nnen&#8230;<\/p>\n<div class=\"more-link-wrapper\"><a class=\"more-link\" href=\"https:\/\/handbuch.immo-meets-office.com\/?page_id=221\">Weiterlesen<span class=\"screen-reader-text\">Gruppen<\/span><\/a><\/div>\n","protected":false},"author":1,"featured_media":0,"parent":170,"menu_order":1,"comment_status":"closed","ping_status":"closed","template":"","meta":{"footnotes":""},"class_list":["post-221","page","type-page","status-publish","hentry","entry"],"_links":{"self":[{"href":"https:\/\/handbuch.immo-meets-office.com\/index.php?rest_route=\/wp\/v2\/pages\/221","targetHints":{"allow":["GET"]}}],"collection":[{"href":"https:\/\/handbuch.immo-meets-office.com\/index.php?rest_route=\/wp\/v2\/pages"}],"about":[{"href":"https:\/\/handbuch.immo-meets-office.com\/index.php?rest_route=\/wp\/v2\/types\/page"}],"author":[{"embeddable":true,"href":"https:\/\/handbuch.immo-meets-office.com\/index.php?rest_route=\/wp\/v2\/users\/1"}],"replies":[{"embeddable":true,"href":"https:\/\/handbuch.immo-meets-office.com\/index.php?rest_route=%2Fwp%2Fv2%2Fcomments&post=221"}],"version-history":[{"count":6,"href":"https:\/\/handbuch.immo-meets-office.com\/index.php?rest_route=\/wp\/v2\/pages\/221\/revisions"}],"predecessor-version":[{"id":412,"href":"https:\/\/handbuch.immo-meets-office.com\/index.php?rest_route=\/wp\/v2\/pages\/221\/revisions\/412"}],"up":[{"embeddable":true,"href":"https:\/\/handbuch.immo-meets-office.com\/index.php?rest_route=\/wp\/v2\/pages\/170"}],"wp:attachment":[{"href":"https:\/\/handbuch.immo-meets-office.com\/index.php?rest_route=%2Fwp%2Fv2%2Fmedia&parent=221"}],"curies":[{"name":"wp","href":"https:\/\/api.w.org\/{rel}","templated":true}]}}