{"id":170,"date":"2015-09-02T13:58:44","date_gmt":"2015-09-02T12:58:44","guid":{"rendered":"http:\/\/handbuch.immo-meets-office.de\/?page_id=170"},"modified":"2015-09-02T15:06:01","modified_gmt":"2015-09-02T14:06:01","slug":"tags","status":"publish","type":"page","link":"https:\/\/handbuch.immo-meets-office.com\/?page_id=170","title":{"rendered":"Tag(s)"},"content":{"rendered":"<p><strong>Men\u00fc Bearbeiten -&gt; Tag(s)<\/strong><\/p>\n<p>Als Tag(s) werden einzelne Stammdatenbereiche bezeichnet.<\/p>\n<p>Diese Tag(s) sind frei definerbar bzw. werden bei Importen vordefiniert.<\/p>\n<p>\u00dcber den Men\u00fcpunkt Bearbeiten -&gt; Tag(s) erhalten Sie folgende Men\u00fcpunkte<\/p>\n<ul>\n<li><a href=\"http:\/\/handbuch.immo-meets-office.de\/?page_id=219\">Arten<\/a><\/li>\n<li><a href=\"http:\/\/handbuch.immo-meets-office.de\/?page_id=221\">Gruppen<\/a><\/li>\n<li><a href=\"http:\/\/handbuch.immo-meets-office.de\/?page_id=223\">Dynamische Felder<\/a><\/li>\n<li><a href=\"http:\/\/handbuch.immo-meets-office.de\/?page_id=225\">Ordner<\/a><\/li>\n<\/ul>\n<p>&nbsp;<\/p>\n","protected":false},"excerpt":{"rendered":"<p>Men\u00fc Bearbeiten -&gt; Tag(s) Als Tag(s) werden einzelne Stammdatenbereiche bezeichnet. Diese Tag(s) sind frei definerbar bzw. werden bei Importen vordefiniert. \u00dcber den Men\u00fcpunkt Bearbeiten -&gt;&#8230;<\/p>\n<div class=\"more-link-wrapper\"><a class=\"more-link\" href=\"https:\/\/handbuch.immo-meets-office.com\/?page_id=170\">Weiterlesen<span class=\"screen-reader-text\">Tag(s)<\/span><\/a><\/div>\n","protected":false},"author":1,"featured_media":0,"parent":90,"menu_order":3,"comment_status":"closed","ping_status":"closed","template":"","meta":{"footnotes":""},"class_list":["post-170","page","type-page","status-publish","hentry","entry"],"_links":{"self":[{"href":"https:\/\/handbuch.immo-meets-office.com\/index.php?rest_route=\/wp\/v2\/pages\/170","targetHints":{"allow":["GET"]}}],"collection":[{"href":"https:\/\/handbuch.immo-meets-office.com\/index.php?rest_route=\/wp\/v2\/pages"}],"about":[{"href":"https:\/\/handbuch.immo-meets-office.com\/index.php?rest_route=\/wp\/v2\/types\/page"}],"author":[{"embeddable":true,"href":"https:\/\/handbuch.immo-meets-office.com\/index.php?rest_route=\/wp\/v2\/users\/1"}],"replies":[{"embeddable":true,"href":"https:\/\/handbuch.immo-meets-office.com\/index.php?rest_route=%2Fwp%2Fv2%2Fcomments&post=170"}],"version-history":[{"count":3,"href":"https:\/\/handbuch.immo-meets-office.com\/index.php?rest_route=\/wp\/v2\/pages\/170\/revisions"}],"predecessor-version":[{"id":231,"href":"https:\/\/handbuch.immo-meets-office.com\/index.php?rest_route=\/wp\/v2\/pages\/170\/revisions\/231"}],"up":[{"embeddable":true,"href":"https:\/\/handbuch.immo-meets-office.com\/index.php?rest_route=\/wp\/v2\/pages\/90"}],"wp:attachment":[{"href":"https:\/\/handbuch.immo-meets-office.com\/index.php?rest_route=%2Fwp%2Fv2%2Fmedia&parent=170"}],"curies":[{"name":"wp","href":"https:\/\/api.w.org\/{rel}","templated":true}]}}